{"id":9,"date":"2017-07-31T19:20:18","date_gmt":"2017-07-31T19:20:18","guid":{"rendered":"http:\/\/www.syza.cz\/?page_id=9"},"modified":"2022-02-13T09:54:55","modified_gmt":"2022-02-13T09:54:55","slug":"contact","status":"publish","type":"page","link":"https:\/\/www.syza.cz\/index.php\/contact\/","title":{"rendered":"S\u00eddlo firmy"},"content":{"rendered":"<p>T\u0159ebenice 122, 675 52, Vyso\u010dina, Czech Republic<\/p>\n","protected":false},"excerpt":{"rendered":"<p>T\u0159ebenice 122, 675 52, Vyso\u010dina, Czech Republic<\/p>\n","protected":false},"author":1,"featured_media":113,"parent":0,"menu_order":0,"comment_status":"closed","ping_status":"closed","template":"","meta":[],"_links":{"self":[{"href":"https:\/\/www.syza.cz\/index.php\/wp-json\/wp\/v2\/pages\/9"}],"collection":[{"href":"https:\/\/www.syza.cz\/index.php\/wp-json\/wp\/v2\/pages"}],"about":[{"href":"https:\/\/www.syza.cz\/index.php\/wp-json\/wp\/v2\/types\/page"}],"author":[{"embeddable":true,"href":"https:\/\/www.syza.cz\/index.php\/wp-json\/wp\/v2\/users\/1"}],"replies":[{"embeddable":true,"href":"https:\/\/www.syza.cz\/index.php\/wp-json\/wp\/v2\/comments?post=9"}],"version-history":[{"count":2,"href":"https:\/\/www.syza.cz\/index.php\/wp-json\/wp\/v2\/pages\/9\/revisions"}],"predecessor-version":[{"id":37,"href":"https:\/\/www.syza.cz\/index.php\/wp-json\/wp\/v2\/pages\/9\/revisions\/37"}],"wp:featuredmedia":[{"embeddable":true,"href":"https:\/\/www.syza.cz\/index.php\/wp-json\/wp\/v2\/media\/113"}],"wp:attachment":[{"href":"https:\/\/www.syza.cz\/index.php\/wp-json\/wp\/v2\/media?parent=9"}],"curies":[{"name":"wp","href":"https:\/\/api.w.org\/{rel}","templated":true}]}}